{"id":2343,"date":"2020-05-27T10:35:04","date_gmt":"2020-05-27T08:35:04","guid":{"rendered":"https:\/\/mzpm-ljubljana.si\/javno\/?page_id=2343"},"modified":"2022-07-28T13:27:41","modified_gmt":"2022-07-28T11:27:41","slug":"za-sole","status":"publish","type":"page","link":"https:\/\/mzpm-ljubljana.si\/javno\/programi\/za-sole\/","title":{"rendered":"Za \u0161ole"},"content":{"rendered":"<h2><img decoding=\"async\" loading=\"lazy\" class=\"size-full wp-image-2005 aligncenter\" src=\"https:\/\/mzpm-ljubljana.si\/javno\/wp-content\/uploads\/2014\/03\/za-vrtce-in-sole.png\" alt=\"\" width=\"220\" height=\"155\" \/><\/h2>\n<h2>Programi v \u0161olah<\/h2>\n<ul>\n<li>\n<h4><span style=\"color: #3366ff;\"><a style=\"color: #3366ff;\" href=\"https:\/\/mzpm-ljubljana.si\/javno\/programi\/za-sole\/katis-izobrazevanja-za-strokovne-delavce-v-viz\/\">KATIS izobra\u017eevanja za strokovne delavce v VIZ<\/a><\/span><\/h4>\n<\/li>\n<li>\n<h4><span style=\"color: #3366ff;\"><a style=\"color: #3366ff;\" href=\"https:\/\/mzpm-ljubljana.si\/javno\/programi\/za-sole\/izobrazevalni-programi-za-odrasle-v-pedagoskih-institucijah\/\">Izobra\u017eevalni programi namenjeni pedago\u0161kim kolektivom\u00a0<\/a><\/span><\/h4>\n<\/li>\n<li>\n<h4><span style=\"color: #3366ff;\"><a style=\"color: #3366ff;\" href=\"https:\/\/mzpm-ljubljana.si\/javno\/programi\/za-sole\/semena-sprememb\/\">Semena sprememb<\/a><\/span><\/h4>\n<\/li>\n<li>\n<h4><span style=\"color: #3366ff;\"><a style=\"color: #3366ff;\" href=\"https:\/\/mzpm-ljubljana.si\/javno\/programi\/za-sole\/evropa-v-soli\/\">Evropa v \u0161oli<\/a><\/span><\/h4>\n<\/li>\n<li>\n<h4><span style=\"color: #3366ff;\"><a style=\"color: #3366ff;\" href=\"https:\/\/mzpm-ljubljana.si\/javno\/programi\/za-sole\/otroski-parlament-in-mestna-otroska-vlada\/\">Otro\u0161ki parlament<\/a><\/span><\/h4>\n<\/li>\n<li>\n<h4><span style=\"color: #3366ff;\"><a style=\"color: #3366ff;\" href=\"https:\/\/mzpm-ljubljana.si\/javno\/programi\/za-sole\/teden-otroka\/\">Teden otroka<\/a><\/span><\/h4>\n<\/li>\n<li>\n<h4><span style=\"color: #3366ff;\"><a style=\"color: #3366ff;\" href=\"https:\/\/mzpm-ljubljana.si\/javno\/programi\/za-sole\/skozi-moje-oci\/\">Skozi moje o\u010di<\/a><\/span><\/h4>\n<\/li>\n<li>\n<h4><span style=\"color: #3366ff;\"><a style=\"color: #3366ff;\" href=\"https:\/\/mzpm-ljubljana.si\/javno\/programi\/za-sole\/povezani-a-ne-zavezani\/\">Povezani, a ne zavezani<\/a><\/span><\/h4>\n<\/li>\n<li>\n<h4><a href=\"https:\/\/mzpm-ljubljana.si\/javno\/dogodki\/v-zariscu\/\"><span style=\"color: #3366ff;\">V \u017dari\u0161\u010du<\/span><\/a><\/h4>\n<\/li>\n<li>\n<h4><a href=\"https:\/\/mzpm-ljubljana.si\/javno\/dogodki\/pogum-si\/\"><span style=\"color: #3366ff;\">Pogum.si<\/span><\/a><\/h4>\n<\/li>\n<li>\n<h4><a href=\"https:\/\/mzpm-ljubljana.si\/javno\/dogodki\/finance-za-5\/\"><span style=\"color: #3366ff;\">Finance za 5<\/span><\/a><\/h4>\n<\/li>\n<li>\n<h4><span style=\"color: #3366ff;\"><a style=\"color: #3366ff;\" href=\"https:\/\/mzpm-ljubljana.si\/javno\/programi\/za-sole\/delavnice-za-dijake-sodelovanje-s-srednjimi-solami\/\">Sodelovanje s srednjimi \u0161olami in delavnice za dijake<\/a><\/span><\/h4>\n<\/li>\n<\/ul>\n","protected":false},"excerpt":{"rendered":"Programi v \u0161olah KATIS izobra\u017eevanja za strokovne delavce v VIZ Izobra\u017eevalni programi namenjeni pedago\u0161kim kolektivom\u00a0 Semena sprememb Evropa v \u0161oli Otro\u0161ki parlament Teden otroka Skozi moje o\u010di Povezani, a ne zavezani V \u017dari\u0161\u010du Pogum.si Finance za 5 Sodelovanje s srednjimi \u0161olami in delavnice za dijake","protected":false},"author":1,"featured_media":0,"parent":2186,"menu_order":0,"comment_status":"closed","ping_status":"closed","template":"","meta":[],"_links":{"self":[{"href":"https:\/\/mzpm-ljubljana.si\/javno\/wp-json\/wp\/v2\/pages\/2343"}],"collection":[{"href":"https:\/\/mzpm-ljubljana.si\/javno\/wp-json\/wp\/v2\/pages"}],"about":[{"href":"https:\/\/mzpm-ljubljana.si\/javno\/wp-json\/wp\/v2\/types\/page"}],"author":[{"embeddable":true,"href":"https:\/\/mzpm-ljubljana.si\/javno\/wp-json\/wp\/v2\/users\/1"}],"replies":[{"embeddable":true,"href":"https:\/\/mzpm-ljubljana.si\/javno\/wp-json\/wp\/v2\/comments?post=2343"}],"version-history":[{"count":35,"href":"https:\/\/mzpm-ljubljana.si\/javno\/wp-json\/wp\/v2\/pages\/2343\/revisions"}],"predecessor-version":[{"id":3646,"href":"https:\/\/mzpm-ljubljana.si\/javno\/wp-json\/wp\/v2\/pages\/2343\/revisions\/3646"}],"up":[{"embeddable":true,"href":"https:\/\/mzpm-ljubljana.si\/javno\/wp-json\/wp\/v2\/pages\/2186"}],"wp:attachment":[{"href":"https:\/\/mzpm-ljubljana.si\/javno\/wp-json\/wp\/v2\/media?parent=2343"}],"curies":[{"name":"wp","href":"https:\/\/api.w.org\/{rel}","templated":true}]}}