{"id":2457,"date":"2020-05-31T20:27:27","date_gmt":"2020-05-31T18:27:27","guid":{"rendered":"https:\/\/mzpm-ljubljana.si\/javno\/?page_id=2457"},"modified":"2022-07-04T15:05:35","modified_gmt":"2022-07-04T13:05:35","slug":"semena-sprememb","status":"publish","type":"page","link":"https:\/\/mzpm-ljubljana.si\/javno\/programi\/za-sole\/semena-sprememb\/","title":{"rendered":"Semena sprememb"},"content":{"rendered":"<p><img decoding=\"async\" loading=\"lazy\" class=\"alignnone size-full wp-image-2428\" src=\"https:\/\/mzpm-ljubljana.si\/javno\/wp-content\/uploads\/2014\/02\/slider32.jpg\" alt=\"\" width=\"1920\" height=\"585\" \/><\/p>\n<p><strong>Semena sprememb<\/strong> je projekt, ki se <strong>je razvil pod okriljem Slu\u017ebe vlade RS za razvoj in evropsko kohezijsko politiko<\/strong> in v zadnjih \u0161tirih \u0161olskih letih vklju\u010deval 422 u\u010diteljev iz cele Slovenije. Z letom 2019 \/2020 j<strong>e izvajanje projekta prevzela Mestna zveza prijateljev mladine Ljubljana<\/strong> in nadaljevala z uspe\u0161nim delom.<\/p>\n<p><strong>Sodelovanje in izvedba projekta na \u0161olah, u\u010diteljem prina\u0161ata dve to\u010dki za napredovanje v naziv.<\/strong><\/p>\n<p>Skozi projekt u\u010diteljem nudimo kvaliteten prostor pridobivanja novih znanj in izku\u0161enj ter predvsem medsebojnega izmenjevanja uspe\u0161nih u\u010dnih praks in podpore (peer learning).<\/p>\n<p>Projekt in aktivnosti znotraj projekta temeljijo na <strong>Ciljih trajnostnega razvoja<\/strong> in razvijajo <strong>5 klju\u010dnih vrednot<\/strong>:<\/p>\n<ul>\n<li>u\u010denje za in skozi \u017eivljenje;<\/li>\n<li>inovativna dru\u017eba;<\/li>\n<li>zaupanje;<\/li>\n<li>kakovostno \u017eivljenje;<\/li>\n<li>identiteta.<\/li>\n<\/ul>\n<p><strong>Preko projekta Semena sprememb v osnovnih \u0161olah gradimo na:<\/strong><\/p>\n<ul>\n<li>razvoju osebnih kompetenc otrok za aktivno dr\u017eavljanstvo;<\/li>\n<li>razvoju odgovornosti do sebe, drugih in dru\u017ebe, v kateri \u017eivimo;<\/li>\n<li>razvoju samoiniciativnosti in proaktivnosti.<\/li>\n<\/ul>\n<p>Ogledajete si <a href=\"https:\/\/www.youtube.com\/watch?v=vrxcWD9Abss\">nadihujo\u010di video<\/a>, kjer boste dobili odgovor na vpra\u0161anje zakaj se vklju\u010diti v projekt Semena sprememb!<\/p>\n<p><strong>\u00a0<\/strong><strong>Ciljna skupina: <\/strong><strong>razredniki u\u010dencev prve in druge triade<\/strong>, saj se aktivnosti znotraj projekta povezujejo z u\u010dnimi na\u010drti in \u0161olsko snovjo. \u00a0<strong>Vabljeni tudi \u0161olski psihologi in svetovalni delavci ter u\u010ditelji podalj\u0161anega bivanja. <\/strong><\/p>\n<p><strong>\u00a0<\/strong><strong>Kaj ponujamo u\u010diteljem\/\u0161oli za sodelovanje v projektu:<\/strong><\/p>\n<ul>\n<li>16 urni izobra\u017eevalni seminar,<\/li>\n<li>koristen in uporaben material (Idejnik, kartice prihodnosti, kartice Semena sprememb, priro\u010dnik Poligon za razvoj, Foto orakel za delo z u\u010denci);<\/li>\n<li>zborniki dobrih praks iz preteklih let;<\/li>\n<li>redna mese\u010dna podpora (Novi\u010dnik), ki vsebuje predloge \u00bbmese\u010dnih\u00ab aktivnosti;<\/li>\n<li>pridobitev dveh to\u010dk za napredovanje v nazive, v primeru celoletnega sodelovanja in izvedbe projekta na \u0161oli (sodelovanje le na izobra\u017eevanju prina\u0161a eno to\u010dko).<\/li>\n<\/ul>\n<p><strong>Cena za sodelovanje le na 16-urnem seminarju (1 to\u010dka za napredovanje):<\/strong><\/p>\n<ul>\n<li><strong>Kotizacija za udele\u017eenca iz VIZ<\/strong>: 62,56 EUR (prijava preko KATIS-a)<\/li>\n<li>Polna cena na udele\u017eenca (<strong>vsi ostali<\/strong>): 83,33 EUR (prijava na tanja.povsic@mzpm-ljubljana.si)<\/li>\n<\/ul>\n<p><strong>OPOMABA<\/strong>: Dopla\u010dilo od 45,00 EUR\u00a0 - za tiste, ki v projektu \u017eelijo sodelovati celo leto, prijeti material ter v projektu uporabiti mo\u017enost za pridobitev dveh to\u010dk za napredovanje.<\/p>\n<p><strong>Terminski plan izvedbe izobra\u017eevalnega seminarja:<\/strong><\/p>\n<ul>\n<li><span style=\"color: #000000;\">Uvodni 8-urni seminar: 16.9.2022;<\/span><\/li>\n<li><span style=\"color: #000000;\"> 4-urni vmesni seminar - januar 2023;<\/span><\/li>\n<li>4-urni zaklju\u010dni seminar - junij 2023.<\/li>\n<\/ul>\n<p><strong>Terminski plan za izvedbo celoletnega projekta:<\/strong><\/p>\n<ul>\n<li><strong>Uvodni seminar<\/strong>: 16.9.2022<\/li>\n<li><strong>Skozi celo \u0161olsko leto<\/strong> - sodelujo\u010di v projektu izvaja aktivnosti na \u0161oli z u\u010denci (mese\u010dna podpora Mestne ZPM Ljubljana);<\/li>\n<li><strong>Januar 2023<\/strong>\u00a0\u2013 prvo vmesno sre\u010danje (v trajanju od 4. \u0161olskih ur \u2013 termin dolo\u010dimo skupaj s sodelujo\u010dimi u\u010ditelji);<\/li>\n<li><strong>Junij 2023<\/strong>\u00a0\u2013 drugo vmesno sre\u010danje (v trajanju od 4. \u0161olskih ur \u2013 termin dolo\u010dimo skupaj s sodelujo\u010dimi u\u010ditelji);<\/li>\n<li><strong>Julij \u2013 avgust 2023:<\/strong> po\u0161iljanje poro\u010dil sodelujo\u010dih u\u010diteljev o izvedenih aktivnostih;<\/li>\n<li><strong>Avgust 2023:<\/strong> Prejemanje potrdil za sodelovanje v projektu<\/li>\n<\/ul>\n<p><strong><em><u>\u00a0<\/u><\/em><\/strong><strong><em><u>U\u010ditelji sodelovanje v projektu priporo\u010dajo, ker vsebuje:<\/u><\/em><\/strong><\/p>\n<ul>\n<li><em>Izredno kakovostna izobra\u017eevanja: konkretna in uporabno naravnana;<\/em><\/li>\n<li><em>Mese\u010dni novi\u010dnik: a\u017eurna, kratka in jedrnata obvestila in hkrati opomnik na nadaljnje delo;<\/em><\/li>\n<li><em>Mo\u017enost konkretne povezanosti z u\u010dnim na\u010drtom;<\/em><\/li>\n<li><em>Kvalitetne in uporabne ideje, ki jih lahko \u0161irimo in nadgrajujemo;<\/em><\/li>\n<li><em>Izredno hitro odzivnost in odgovori preko maila; <\/em><\/li>\n<li><em>Spro\u0161\u010dena komunikacija in svetovanje;<\/em><\/li>\n<li><em>Mo\u017enost prepletanja projekta Semena sprememb z dnevi dejavnosti na \u0161oli; <\/em><\/li>\n<li><em>Medgeneracijsko sodelovanje in povezovanje;<\/em><\/li>\n<li><em>Morda edini projekt, ki dovoli u\u010ditelju biti moderator. Ne zapoveduje, ampak usmerja. Ne nalaga nalog, ampak vzpodbuja kreativnost in iskanje re\u0161itev. Ponudi u\u010dencem mo\u017enost, da sami soustvarjajo u\u010dni proces.\u00a0 <\/em><\/li>\n<\/ul>\n<p><img decoding=\"async\" loading=\"lazy\" class=\"alignnone wp-image-2601\" src=\"https:\/\/mzpm-ljubljana.si\/javno\/wp-content\/uploads\/2020\/06\/IMG_20200203_151121.jpg\" alt=\"\" width=\"267\" height=\"200\" \/> <img decoding=\"async\" loading=\"lazy\" class=\"alignnone wp-image-2602\" src=\"https:\/\/mzpm-ljubljana.si\/javno\/wp-content\/uploads\/2020\/06\/DSC_0016.jpg\" alt=\"\" width=\"300\" height=\"200\" \/><\/p>\n<p><strong>Ve\u010d informacij:\u00a0<\/strong>Tanja Pov\u0161i\u010d<br \/>\nTelefon: 01\/ 434 03 24; 040 764 835<br \/>\nE-naslov:\u00a0<a href=\"mailto:tanja.povsic@mzpm-ljubljana.si\">tanja.povsic@mzpm-ljubljana.si<\/a>;\u00a0<a href=\"mailto:semena.sprememb@gmail.com\">semena.sprememb@gmail.com<\/a><\/p>\n","protected":false},"excerpt":{"rendered":"Semena sprememb je projekt, ki se je razvil pod okriljem Slu\u017ebe vlade RS za razvoj in evropsko kohezijsko politiko in v zadnjih \u0161tirih \u0161olskih letih vklju\u010deval 422 u\u010diteljev iz cele Slovenije. Z letom 2019 \/2020 je izvajanje projekta prevzela Mestna zveza prijateljev mladine Ljubljana in nadaljevala z uspe\u0161nim delom. Sodelovanje in izvedba projekta na \u0161olah, &hellip; ","protected":false},"author":1,"featured_media":0,"parent":2343,"menu_order":0,"comment_status":"closed","ping_status":"closed","template":"","meta":[],"_links":{"self":[{"href":"https:\/\/mzpm-ljubljana.si\/javno\/wp-json\/wp\/v2\/pages\/2457"}],"collection":[{"href":"https:\/\/mzpm-ljubljana.si\/javno\/wp-json\/wp\/v2\/pages"}],"about":[{"href":"https:\/\/mzpm-ljubljana.si\/javno\/wp-json\/wp\/v2\/types\/page"}],"author":[{"embeddable":true,"href":"https:\/\/mzpm-ljubljana.si\/javno\/wp-json\/wp\/v2\/users\/1"}],"replies":[{"embeddable":true,"href":"https:\/\/mzpm-ljubljana.si\/javno\/wp-json\/wp\/v2\/comments?post=2457"}],"version-history":[{"count":11,"href":"https:\/\/mzpm-ljubljana.si\/javno\/wp-json\/wp\/v2\/pages\/2457\/revisions"}],"predecessor-version":[{"id":3616,"href":"https:\/\/mzpm-ljubljana.si\/javno\/wp-json\/wp\/v2\/pages\/2457\/revisions\/3616"}],"up":[{"embeddable":true,"href":"https:\/\/mzpm-ljubljana.si\/javno\/wp-json\/wp\/v2\/pages\/2343"}],"wp:attachment":[{"href":"https:\/\/mzpm-ljubljana.si\/javno\/wp-json\/wp\/v2\/media?parent=2457"}],"curies":[{"name":"wp","href":"https:\/\/api.w.org\/{rel}","templated":true}]}}